- -6?
-5
In base 13, what is 405a - 1?
4059
In base 3, what is 20 - 10011?
-2221
In base 5, what is 310 - 1032?
-222
In base 10, what is 5 - -1291?
1296
In base 2, what is 101100000 + -1?
101011111
In base 4, what is 100223 + 10?
100233
In base 11, what is -105 - -23?
-92
In base 4, what is -220013 + -1?
-220020
In base 16, what is -72 - 1?
-73
In base 4, what is -1 - 230?
-231
In base 14, what is -5 + 5b?
56
In base 8, what is -2 - -71?
67
In base 15, what is -9 + -2?
-b
In base 16, what is e + -72?
-64
In base 10, what is 4 - 107?
-103
In base 11, what is -82 + -6?
-88
In base 6, what is -2 - 200?
-202
In base 12, what is 1 + -6a0?
-69b
In base 3, what is 11121 + 22?
11220
In base 5, what is -10 - 141?
-201
In base 16, what is -92db + 0?
-92db
In base 14, what is 1 + 7d6?
7d7
In base 14, what is -192a - 2?
-192c
In base 9, what is 28 - 25?
3
In base 6, what is 30 + -120?
-50
In base 13, what is 54 + c?
63
In base 2, what is -10101 + -100101100?
-101000001
In base 4, what is 323 + 12?
1001
In base 16, what is 2 - 14?
-12
In base 11, what is -130a - 4?
-1313
In base 3, what is 21001 - 220?
20011
In base 15, what is -5 - 51?
-56
In base 15, what is 1 - -4b4?
4b5
In base 6, what is 1425 + -15?
1410
In base 13, what is 27a + 4?
281
In base 7, what is -5 + -532?
-540
In base 5, what is -11440 + 4?
-11431
In base 3, what is -121012 - 21?
-121110
In base 14, what is -18 + -1ab?
-1c5
In base 11, what is -49 + 22?
-27
In base 12, what is -17 + -10?
-27
In base 7, what is -3 + 1202?
1166
In base 14, what is 0 + 121?
121
In base 3, what is 1211220 + -12?
1211201
In base 13, what is a - 0?
a
In base 6, what is 2123 + 0?
2123
In base 10, what is 6745 + 5?
6750
In base 14, what is -4 - -59?
55
In base 6, what is 22 + 233?
255
In base 14, what is -d4 - 1?
-d5
In base 12, what is -878 + -8?
-884
In base 16, what is 1592 - 2?
1590
In base 4, what is 0 - 2222?
-2222
In base 13, what is -339 - -1?
-338
In base 5, what is 10 - 42?
-32
In base 15, what is db - -27?
113
In base 13, what is 19 - -5?
21
In base 7, what is 2003 + -1?
2002
In base 14, what is -c90 - 5?
-c95
In base 6, what is 2 + 213?
215
In base 3, what is -1 + -121122?
-121200
In base 14, what is 0 - -8d?
8d
In base 11, what is 3 + -67?
-64
In base 12, what is -8 - 186?
-192
In base 14, what is 3 - 4c?
-49
In base 8, what is -205 + -5?
-212
In base 4, what is -112 - -3?
-103
In base 13, what is -5 + 31?
29
In base 16, what is 8 - -4b?
53
In base 2, what is -1000111101100 + -10?
-1000111101110
In base 3, what is -11 - -122?
111
In base 15, what is -eb5 - -2?
-eb3
In base 12, what is 30 - 0?
30
In base 3, what is 210121 - 10?
210111
In base 11, what is 9 - -36a?
378
In base 13, what is -5 + -66c?
-674
In base 4, what is 3 + -3203?
-3200
In base 8, what is 0 + 170?
170
In base 14, what is 578 + -3?
575
In base 9, what is 2 - 3044?
-3042
In base 13, what is 481 + -4?
47a
In base 4, what is -222 - -31?
-131
In base 8, what is -457 + 4?
-453
In base 7, what is -22 + 1044?
1022
In base 2, what is -100 + 1010011?
1001111
In base 12, what is -4 + -10b?
-113
In base 3, what is 1 + -1222012?
-1222011
In base 14, what is -9c - 2?
-a0
In base 8, what is -700 - -3?
-675
In base 16, what is 20b9 - 4?
20b5
In base 3, what is -111221 + 11?
-111210
In base 16, what is 9f - -5?
a4
In base 13, what is -4c8 - -1?
-4c7
In base 15, what is 52 - b?
46
In base 14, what is -3 + 6a?
67
In base 15, what is -1c6 + -4?
-1ca
In base 9, what is -13234 + 0?
-13234
In base 10, what is -3022 + 1?
-3021
In base 10, what is -2059 + 0?
-2059
In base 12, what is 27108 + 1?
27109
In base 4, what is -3320 - 0?
-3320
In base 15, what is -60 - -5?
-5a
In base 8, what is -150 + -26?
-176
In base 13, what is -2 - 567?
-569
In base 9, what is 2207 + -1?
2206
In base 5, what is -1 + 204?
203
In base 15, what is d + -1b1?
-1a3
In base 7, what is 10 - 10?
0
In base 14, what is -1ab + 1?
-1aa
In base 10, what is -9 + -7?
-16
In base 7, what is -444 + 1?
-443
In base 5, what is -120 - -21?
-44
In base 12, what is -3 - 391?
-394
In base 5, what is -4014 - -4?
-4010
In base 2, what is -10 + 1101101000010?
1101101000000
In base 2, what is -10101 - -100100010?
100001101
In base 3, what is -1 + -220121?
-220122
In base 3, what is 1210 - -11?
1221
In base 12, what is 2 - -336?
338
In base 6, what is 4 + -5?
-1
In base 14, what is 1b4 - 5?
1ad
In base 6, what is -4 + -125?
-133
In base 16, what is 1b64 - -2?
1b66
In base 11, what is -685 - 21?
-6a6
In base 8, what is 0 - -4234?
4234
In base 5, what is 130 - 4?
121
In base 8, what is 341 - 11?
330
In base 5, what is 30001 - 1?
30000
In base 11, what is 31 - 147?
-116
In base 10, what is -4 + -240?
-244
In base 5, what is 3202 - 10?
3142
In base 7, what is -2 - -204?
202
In base 10, what is -11202 - 3?
-11205
In base 2, what is 110010010110 + 10?
110010011000
In base 2, what is 101010001 + 100011?
101110100
In base 8, what is -3 - -100?
75
In base 11, what is 254 + 2?
256
In base 10, what is -729 + -4?
-733
In base 9, what is 3 + -487?
-484
In base 13, what is 4 - ab2?
-aab
In base 4, what is 23 + 20?
103
In base 13, what is 3a - 0?
3a
In base 8, what is -2 + -63?
-65
In base 9, what is 2 + -645?
-643
In base 16, what is a - 6?
4
In base 2, what is 0 + -1?
-1
In base 11, what is -8 + -1839?
-1846
In base 2, what is 111001 - -110011?
1101100
In base 10, what is 13 - -6?
19
In base 12, what is 22 - -296?
2b8
In base 10, what is -3 - -271?
268
In base 11, what is -380 + -2?
-382
In base 16, what is -5 - 2b?
-30
In base 16, what is 2f - -e?
3d
In base 5, what is 330 + 13?
343
In base 5, what is 12 + 21321?
21333
In base 13, what is -94 - -6?
-8b
In base 7, what is 2 - 43?
-41
In base 8, what is -56 - -30?
-26
In base 6, what is 3454 - 1?
3453
In base 12, what is 3 - 913?
-910
In base 12, what is 1 - 322?
-321
In base 15, what is 13d1 + 3?
13d4
In base 14, what is 5 + -86?
-81
In base 8, what is 1760 - 2?
1756
In base 12, what is 0 + -1731?
-1731
In base 9, what is -5150 + -3?
-5153
In base 5, what is 4202 - -20?
4222
In base 15, what is 11c0 - 3?
11bc
In base 4, what is 1022031 - 0?
1022031
In base 7, what is 10 - -313?
323
In base 15, what is 5 - 54?
-4e
In base 16, what is -8 + -352?
-35a
In base 11, what is 5 + 0?
5
In base 4, what is 2 + 31123?
31131
In base 5, what is -1230 - 10?
-1240
In base 5, what is 4 - 22332?
-22323
In base 14, what is -16a7 + 0?
-16a7
In base 14, what is 2 + -22?
-20
In base 13, what is -1b - -2?
-19
In base 5, what is 20 + -413?
-343
In base 5, what is 43 + 33?
131
In base 5, what is 0 + -14324?
-14324
In base 7, what is -544 + -5?
-552
In base 9, what is 16 + 4?
21
In base 6, what is -3043 - -4?
-3035
In base 13, what is -1 + a?
9
In base 4, what is 100 + 33?
133
In base 12, what is 2 + 64a?
650
In base 14, what is 3 + -427?
-424
In base 10, what is -41 - -42?
1
In base 2, what is -11000101 + -11?
-11001000
In base 16, what is -1b + -12?
-2d
In base 16, what is 8ee4 - 5?
8edf
In base 14, what is 5 - -3dc?
403
In base 4, what is -113 - 211?
-330
In base 7, what is -154516 - 1?
-154520
In base 12, what is -2 + 29?
27
In base 13, what is 20 - -8?
28
In base 7, what is 5 + 1216?
1224
In base 12, what is -a36 - 4?
-a3a
In base 5, what is 123 - -401?
1024
In base 16, what is 2 - 60?
-5e
In base 16, what is -aa - -2?
-a8
In base 3, what is -11 + -1012?
-1100
In base 15, what is -9a - -2?
-98
In base 12, what is -1a5 - -1?
-1a4
In base 12, what is -56 - 26?
-80
In base 13, what is 251 - -2?
253
In base 9, what is 4 - -2411?
2415
In base 13, what is -270 + 16?
-257
In base 11, what is -20 + -9?
-29
In base 5, what is -44340 + -3?
-44343
In base 4, what is -11 + -10213?
-10230
In base 11, what is 3 - -41?
44
In base 3, what is 1120 + -2010?
-120
In base 10, what is 1 - -111?
112
In base 6, what is -32023 + 3?
-32020
In base 9, what is -3 - -32?
28
In base 3, what is 1021 - 20?
1001
In base 2, what is 1000000 + 101?
1000101
In base 8, what is 4 - 2441?
-2435
In base 2, what is -100 - -1000111100?
1000111000
In base 2, what is -11101000 - 100?
-11101100
In base 6, what is 10 + -12533?
-12523
In base 15, what is -5 - -34?
2e
In base 9, what is -8 + 133?
124
In base 5, what is 10113 - 124?
4434
In base 11, what is 10 - 2?
9
In base 3, what is -10012 - 1?
-10020
In base 10, what is 2 + 490?
